 the remainder when 4093 is divided by 15?
13
Calculate the remainder when 216 is divided by 1.
0
What is the remainder when 2474 is divided by 36?
26
Calculate the remainder when 12 is divided by 5.
2
Calculate the remainder when 254 is divided by 35.
9
Calculate the remainder when 407 is divided by 68.
67
Calculate the remainder when 690 is divided by 139.
134
Calculate the remainder when 398 is divided by 159.
80
Calculate the remainder when 113 is divided by 10.
3
What is the remainder when 785 is divided by 22?
15
What is the remainder when 1379 is divided by 60?
59
Calculate the remainder when 2218 is divided by 11.
7
What is the remainder when 520 is divided by 107?
92
What is the remainder when 355 is divided by 74?
59
What is the remainder when 545 is divided by 152?
89
What is the remainder when 84 is divided by 47?
37
Calculate the remainder when 413 is divided by 48.
29
What is the remainder when 5561 is divided by 54?
53
What is the remainder when 558 is divided by 104?
38
Calculate the remainder when 195 is divided by 100.
95
What is the remainder when 4850 is divided by 62?
14
What is the remainder when 939 is divided by 187?
4
What is the remainder when 846 is divided by 16?
14
Calculate the remainder when 24 is divided by 3.
0
Calculate the remainder when 261 is divided by 44.
41
Calculate the remainder when 361 is divided by 129.
103
What is the remainder when 847 is divided by 174?
151
What is the remainder when 6814 is divided by 17?
14
What is the remainder when 215 is divided by 22?
17
Calculate the remainder when 118 is divided by 25.
18
What is the remainder when 135 is divided by 68?
67
What is the remainder when 204 is divided by 63?
15
What is the remainder when 2210 is divided by 82?
78
What is the remainder when 3139 is divided by 10?
9
Calculate the remainder when 46 is divided by 20.
6
What is the remainder when 78 is divided by 49?
29
Calculate the remainder when 2116 is divided by 354.
346
What is the remainder when 1766 is divided by 587?
5
What is the remainder when 377 is divided by 131?
115
What is the remainder when 469 is divided by 80?
69
Calculate the remainder when 43 is divided by 2.
1
What is the remainder when 1185 is divided by 54?
51
Calculate the remainder when 322 is divided by 19.
18
What is the remainder when 436 is divided by 54?
4
Calculate the remainder when 787 is divided by 46.
5
What is the remainder when 225 is divided by 19?
16
Calculate the remainder when 1515 is divided by 736.
43
What is the remainder when 75 is divided by 21?
12
What is the remainder when 844 is divided by 22?
8
What is the remainder when 713 is divided by 33?
20
Calculate the remainder when 50 is divided by 13.
11
Calculate the remainder when 147 is divided by 31.
23
Calculate the remainder when 789 is divided by 33.
30
Calculate the remainder when 1767 is divided by 17.
16
Calculate the remainder when 229 is divided by 14.
5
Calculate the remainder when 356 is divided by 172.
12
Calculate the remainder when 5534 is divided by 15.
14
What is the remainder when 1463 is divided by 107?
72
Calculate the remainder when 125 is divided by 54.
17
Calculate the remainder when 139 is divided by 9.
4
Calculate the remainder when 29 is divided by 16.
13
What is the remainder when 1041 is divided by 231?
117
Calculate the remainder when 278 is divided by 54.
8
Calculate the remainder when 28 is divided by 8.
4
What is the remainder when 267 is divided by 45?
42
Calculate the remainder when 849 is divided by 223.
180
Calculate the remainder when 89 is divided by 47.
42
What is the remainder when 386 is divided by 130?
126
Calculate the remainder when 449 is divided by 141.
26
What is the remainder when 1329 is divided by 104?
81
Calculate the remainder when 1173 is divided by 449.
275
What is the remainder when 794 is divided by 38?
34
What is the remainder when 2263 is divided by 226?
3
What is the remainder when 137 is divided by 82?
55
Calculate the remainder when 1727 is divided by 95.
17
Calculate the remainder when 690 is divided by 33.
30
Calculate the remainder when 317 is divided by 54.
47
Calculate the remainder when 3523 is divided by 75.
73
Calculate the remainder when 103 is divided by 26.
25
Calculate the remainder when 71 is divided by 27.
17
Calculate the remainder when 177 is divided by 30.
27
Calculate the remainder when 114 is divided by 1.
0
What is the remainder when 41 is divided by 11?
8
What is the remainder when 2215 is divided by 30?
25
Calculate the remainder when 69839 is divided by 180.
179
What is the remainder when 278 is divided by 58?
46
Calculate the remainder when 534 is divided by 21.
9
What is the remainder when 7 is divided by 4?
3
What is the remainder when 763 is divided by 72?
43
Calculate the remainder when 442 is divided by 138.
28
What is the remainder when 165 is divided by 42?
39
Calculate the remainder when 1067 is divided by 280.
227
Calculate the remainder when 878 is divided by 131.
92
What is the remainder when 90 is divided by 43?
4
What is the remainder when 251 is divided by 64?
59
What is the remainder when 1865 is divided by 89?
85
What is the remainder when 1788 is divided by 296?
12
What is the remainder when 222 is divided by 31?
5
Calculate the remainder when 85 is divided by 34.
17
Calculate the remainder when 4816 is divided by 21.
7
Calculate the remainder when 719 is divided by 241.
237
Calculate the remainder when 250 is divided by 127.
123
Calculate the remainder when 103 is divided by 27.
22
What is the remainder when 5030 is divided by 219?
212
Calculate the remainder when 4005 is divided by 34.
27
What is the remainder when 732 is divided by 14?
4
Calculate the remainder when 655 is divided by 133.
123
Calculate the remainder when 728 is divided by 81.
80
What is the remainder when 380 is divided by 150?
80
What is the remainder when 649 is divided by 20?
9
What is the remainder when 500 is divided by 47?
30
What is the remainder when 777 is divided by 14?
7
What is the remainder when 500 is divided by 69?
17
Calculate the remainder when 733 is divided by 92.
89
Calculate the remainder when 2117 is divided by 56.
45
Calculate the remainder when 33 is divided by 25.
8
Calculate the remainder when 1995 is divided by 496.
11
What is the remainder when 508 is divided by 24?
4
Calculate the remainder when 363 is divided by 115.
18
Calculate the remainder when 167 is divided by 44.
35
What is the remainder when 316 is divided by 106?
104
What is the remainder when 456 is divided by 236?
220
What is the remainder when 107 is divided by 30?
17
Calculate the remainder when 77 is divided by 18.
5
What is the remainder when 475 is divided by 40?
35
What is the remainder when 4382 is divided by 9?
8
What is the remainder when 593 is divided by 35?
33
What is the remainder when 2240 is divided by 279?
8
Calculate the remainder when 414 is divided by 102.
6
What is the remainder when 439 is divided by 112?
103
Calculate the remainder when 29830 is divided by 226.
224
Calculate the remainder when 188 is divided by 7.
6
What is the remainder when 115 is divided by 94?
21
Calculate the remainder when 268 is divided by 17.
13
Calculate the remainder when 354 is divided by 17.
14
What is the remainder when 12577 is divided by 143?
136
What is the remainder when 182 is divided by 48?
38
Calculate the remainder when 87 is divided by 32.
23
What is the remainder when 244 is divided by 50?
44
What is the remainder when 762 is divided by 51?
48
Calculate the remainder when 91 is divided by 19.
15
Calculate the remainder when 855 is divided by 47.
9
Calculate the remainder when 176 is divided by 18.
14
What is the remainder when 26 is divided by 14?
12
Calculate the remainder when 4597 is divided by 765.
7
Calculate the remainder when 1294 is divided by 48.
46
What is the remainder when 5732 is divided by 31?
28
Calculate the remainder when 463 is divided by 45.
13
What is the remainder when 881 is divided by 177?
173
What is the remainder when 78 is divided by 8?
6
What is the remainder when 136 is divided by 23?
21
What is the remainder when 17 is divided by 8?
1
Calculate the remainder when 2078 is divided by 687.
17
What is the remainder when 547 is divided by 31?
20
What is